{"id":1258,"date":"2022-10-01T18:57:06","date_gmt":"2022-10-01T18:57:06","guid":{"rendered":"https:\/\/megadronebrasil.com.br\/home\/?page_id=1258"},"modified":"2022-10-05T02:06:32","modified_gmt":"2022-10-05T02:06:32","slug":"onde-comprar-xag-no-brasil","status":"publish","type":"page","link":"https:\/\/megadronebrasil.com.br\/home\/onde-comprar-xag-no-brasil\/","title":{"rendered":"Onde Comprar XAG no Brasil"},"content":{"rendered":"\t\t<div data-elementor-type=\"wp-page\" data-elementor-id=\"1258\" class=\"elementor elementor-1258\">\n\t\t\t\t\t\t<section class=\"elementor-section elementor-top-section elementor-element elementor-element-a7aa58a elementor-section-boxed elementor-section-height-default elementor-section-height-default\" data-id=\"a7aa58a\" data-element_type=\"section\" data-e-type=\"section\">\n\t\t\t\t\t\t<div class=\"elementor-container elementor-column-gap-default\">\n\t\t\t\t\t<div class=\"elementor-column elementor-col-100 elementor-top-column elementor-element elementor-element-516939f\" data-id=\"516939f\" data-element_type=\"column\" data-e-type=\"column\">\n\t\t\t<div class=\"elementor-widget-wrap elementor-element-populated\">\n\t\t\t\t\t\t<div class=\"elementor-element elementor-element-ba247b2 elementor-widget elementor-widget-spacer\" data-id=\"ba247b2\" data-element_type=\"widget\" data-e-type=\"widget\" data-widget_type=\"spacer.default\">\n\t\t\t\t<div class=\"elementor-widget-container\">\n\t\t\t\t\t\t\t<div class=\"elementor-spacer\">\n\t\t\t<div class=\"elementor-spacer-inner\"><\/div>\n\t\t<\/div>\n\t\t\t\t\t\t<\/div>\n\t\t\t\t<\/div>\n\t\t\t\t<div class=\"elementor-element elementor-element-3e7b8f0 elementor-widget elementor-widget-heading\" data-id=\"3e7b8f0\" data-element_type=\"widget\" data-e-type=\"widget\" data-widget_type=\"heading.default\">\n\t\t\t\t<div class=\"elementor-widget-container\">\n\t\t\t\t\t<h2 class=\"elementor-heading-title elementor-size-default\">Distribui\u00e7\u00e3o oficial de Drones XAG no Brasil<\/h2>\t\t\t\t<\/div>\n\t\t\t\t<\/div>\n\t\t\t\t<div class=\"elementor-element elementor-element-af6c18e elementor-widget elementor-widget-text-editor\" data-id=\"af6c18e\" data-element_type=\"widget\" data-e-type=\"widget\" data-widget_type=\"text-editor.default\">\n\t\t\t\t<div class=\"elementor-widget-container\">\n\t\t\t\t\t\t\t\t\t<p>Um dos objetivos da Megadrone Brasil \u00e9 desenvolver um ecossistema favor\u00e1vel ao mercado de drones agr\u00edcolas no Brasil.\u00a0<\/p><p>Para encontrar um parceiro comercial na sua regi\u00e3o, basta clicar no mapa abaixo para conversar com um representante autorizado para oferecer os produtos XAG.<\/p><p>\u00a0<\/p>\t\t\t\t\t\t\t\t<\/div>\n\t\t\t\t<\/div>\n\t\t\t\t\t<\/div>\n\t\t<\/div>\n\t\t\t\t\t<\/div>\n\t\t<\/section>\n\t\t\t\t<section class=\"elementor-section elementor-top-section elementor-element elementor-element-25936c9 elementor-section-boxed elementor-section-height-default elementor-section-height-default\" data-id=\"25936c9\" data-element_type=\"section\" data-e-type=\"section\">\n\t\t\t\t\t\t<div class=\"elementor-container elementor-column-gap-default\">\n\t\t\t\t\t<div class=\"elementor-column elementor-col-16 elementor-top-column elementor-element elementor-element-68c31b6\" data-id=\"68c31b6\" data-element_type=\"column\" data-e-type=\"column\">\n\t\t\t<div class=\"elementor-widget-wrap\">\n\t\t\t\t\t\t\t<\/div>\n\t\t<\/div>\n\t\t\t\t<div class=\"elementor-column elementor-col-66 elementor-top-column elementor-element elementor-element-bcf4f76\" data-id=\"bcf4f76\" data-element_type=\"column\" data-e-type=\"column\">\n\t\t\t<div class=\"elementor-widget-wrap elementor-element-populated\">\n\t\t\t\t\t\t<div class=\"elementor-element elementor-element-840ed86 elementor-widget elementor-widget-igmap\" data-id=\"840ed86\" data-element_type=\"widget\" data-e-type=\"widget\" data-widget_type=\"igmap.default\">\n\t\t\t\t<div class=\"elementor-widget-container\">\n\t\t\t\t\t<div class=\"igmap-elementor-widget\"><div class=\"map_wrapper\" id=\"map_wrapper_1264\">\n<div class=\"map_box\" style=\"max-width:2000px\">\n<div class=\"map_aspect_ratio\" style=\"padding-top:56%\" data-padding-top=\"56%\" data-padding-top-mobile=\"0%\">\n<div class=\"map_container\">\n<div class=\"map_render map_loading\" id=\"map_1264\"><\/div>\n<\/div>\n<\/div>\n<\/div>\n<\/div><\/div>\t\t\t\t<\/div>\n\t\t\t\t<\/div>\n\t\t\t\t\t<\/div>\n\t\t<\/div>\n\t\t\t\t<div class=\"elementor-column elementor-col-16 elementor-top-column elementor-element elementor-element-1a2b65c\" data-id=\"1a2b65c\" data-element_type=\"column\" data-e-type=\"column\">\n\t\t\t<div class=\"elementor-widget-wrap\">\n\t\t\t\t\t\t\t<\/div>\n\t\t<\/div>\n\t\t\t\t\t<\/div>\n\t\t<\/section>\n\t\t\t\t<\/div>\n\t\t","protected":false},"excerpt":{"rendered":"<p>Distribui\u00e7\u00e3o oficial de Drones XAG no Brasil Um dos objetivos da Megadrone Brasil \u00e9 desenvolver um ecossistema favor\u00e1vel ao mercado de drones agr\u00edcolas no Brasil.\u00a0 Para<span class=\"excerpt-hellip\"> [\u2026]<\/span><\/p>\n","protected":false},"author":1,"featured_media":0,"parent":0,"menu_order":0,"comment_status":"closed","ping_status":"closed","template":"elementor_header_footer","meta":{"_seopress_robots_primary_cat":"","_seopress_titles_title":"","_seopress_titles_desc":"","_seopress_robots_index":"","pagelayer_contact_templates":[],"_pagelayer_content":"","footnotes":""},"class_list":["post-1258","page","type-page","status-publish","hentry"],"yoast_head":"<!-- This site is optimized with the Yoast SEO Premium plugin v19.1 (Yoast SEO v27.4) - https:\/\/yoast.com\/product\/yoast-seo-premium-wordpress\/ -->\n<title>Onde Comprar XAG no Brasil - Megadrone Brasil<\/title>\n<meta name=\"robots\" content=\"index, follow, max-snippet:-1, max-image-preview:large, max-video-preview:-1\" \/>\n<link rel=\"canonical\" href=\"https:\/\/megadronebrasil.com.br\/home\/onde-comprar-xag-no-brasil\/\" \/>\n<meta property=\"og:locale\" content=\"pt_BR\" \/>\n<meta property=\"og:type\" content=\"article\" \/>\n<meta property=\"og:title\" content=\"Onde Comprar XAG no Brasil\" \/>\n<meta property=\"og:description\" content=\"Distribui\u00e7\u00e3o oficial de Drones XAG no Brasil Um dos objetivos da Megadrone Brasil \u00e9 desenvolver um ecossistema favor\u00e1vel ao mercado de drones agr\u00edcolas no Brasil.\u00a0 Para [\u2026]\" \/>\n<meta property=\"og:url\" content=\"https:\/\/megadronebrasil.com.br\/home\/onde-comprar-xag-no-brasil\/\" \/>\n<meta property=\"og:site_name\" content=\"Megadrone Brasil\" \/>\n<meta property=\"article:modified_time\" content=\"2022-10-05T02:06:32+00:00\" \/>\n<meta name=\"twitter:card\" content=\"summary_large_image\" \/>\n<script type=\"application\/ld+json\" class=\"yoast-schema-graph\">{\"@context\":\"https:\\\/\\\/schema.org\",\"@graph\":[{\"@type\":\"WebPage\",\"@id\":\"https:\\\/\\\/megadronebrasil.com.br\\\/home\\\/onde-comprar-xag-no-brasil\\\/\",\"url\":\"https:\\\/\\\/megadronebrasil.com.br\\\/home\\\/onde-comprar-xag-no-brasil\\\/\",\"name\":\"Onde Comprar XAG no Brasil - Megadrone Brasil\",\"isPartOf\":{\"@id\":\"https:\\\/\\\/megadronebrasil.com.br\\\/home\\\/#website\"},\"datePublished\":\"2022-10-01T18:57:06+00:00\",\"dateModified\":\"2022-10-05T02:06:32+00:00\",\"breadcrumb\":{\"@id\":\"https:\\\/\\\/megadronebrasil.com.br\\\/home\\\/onde-comprar-xag-no-brasil\\\/#breadcrumb\"},\"inLanguage\":\"pt-BR\",\"potentialAction\":[{\"@type\":\"ReadAction\",\"target\":[\"https:\\\/\\\/megadronebrasil.com.br\\\/home\\\/onde-comprar-xag-no-brasil\\\/\"]}]},{\"@type\":\"BreadcrumbList\",\"@id\":\"https:\\\/\\\/megadronebrasil.com.br\\\/home\\\/onde-comprar-xag-no-brasil\\\/#breadcrumb\",\"itemListElement\":[{\"@type\":\"ListItem\",\"position\":1,\"name\":\"In\u00edcio\",\"item\":\"https:\\\/\\\/megadronebrasil.com.br\\\/home\\\/\"},{\"@type\":\"ListItem\",\"position\":2,\"name\":\"Onde Comprar XAG no Brasil\"}]},{\"@type\":\"WebSite\",\"@id\":\"https:\\\/\\\/megadronebrasil.com.br\\\/home\\\/#website\",\"url\":\"https:\\\/\\\/megadronebrasil.com.br\\\/home\\\/\",\"name\":\"Megadrone Brasil\",\"description\":\"Drones XAG para agricultura de precis\u00e3o\",\"potentialAction\":[{\"@type\":\"SearchAction\",\"target\":{\"@type\":\"EntryPoint\",\"urlTemplate\":\"https:\\\/\\\/megadronebrasil.com.br\\\/home\\\/?s={search_term_string}\"},\"query-input\":{\"@type\":\"PropertyValueSpecification\",\"valueRequired\":true,\"valueName\":\"search_term_string\"}}],\"inLanguage\":\"pt-BR\"}]}<\/script>\n<!-- \/ Yoast SEO Premium plugin. -->","yoast_head_json":{"title":"Onde Comprar XAG no Brasil - Megadrone Brasil","robots":{"index":"index","follow":"follow","max-snippet":"max-snippet:-1","max-image-preview":"max-image-preview:large","max-video-preview":"max-video-preview:-1"},"canonical":"https:\/\/megadronebrasil.com.br\/home\/onde-comprar-xag-no-brasil\/","og_locale":"pt_BR","og_type":"article","og_title":"Onde Comprar XAG no Brasil","og_description":"Distribui\u00e7\u00e3o oficial de Drones XAG no Brasil Um dos objetivos da Megadrone Brasil \u00e9 desenvolver um ecossistema favor\u00e1vel ao mercado de drones agr\u00edcolas no Brasil.\u00a0 Para [\u2026]","og_url":"https:\/\/megadronebrasil.com.br\/home\/onde-comprar-xag-no-brasil\/","og_site_name":"Megadrone Brasil","article_modified_time":"2022-10-05T02:06:32+00:00","twitter_card":"summary_large_image","schema":{"@context":"https:\/\/schema.org","@graph":[{"@type":"WebPage","@id":"https:\/\/megadronebrasil.com.br\/home\/onde-comprar-xag-no-brasil\/","url":"https:\/\/megadronebrasil.com.br\/home\/onde-comprar-xag-no-brasil\/","name":"Onde Comprar XAG no Brasil - Megadrone Brasil","isPartOf":{"@id":"https:\/\/megadronebrasil.com.br\/home\/#website"},"datePublished":"2022-10-01T18:57:06+00:00","dateModified":"2022-10-05T02:06:32+00:00","breadcrumb":{"@id":"https:\/\/megadronebrasil.com.br\/home\/onde-comprar-xag-no-brasil\/#breadcrumb"},"inLanguage":"pt-BR","potentialAction":[{"@type":"ReadAction","target":["https:\/\/megadronebrasil.com.br\/home\/onde-comprar-xag-no-brasil\/"]}]},{"@type":"BreadcrumbList","@id":"https:\/\/megadronebrasil.com.br\/home\/onde-comprar-xag-no-brasil\/#breadcrumb","itemListElement":[{"@type":"ListItem","position":1,"name":"In\u00edcio","item":"https:\/\/megadronebrasil.com.br\/home\/"},{"@type":"ListItem","position":2,"name":"Onde Comprar XAG no Brasil"}]},{"@type":"WebSite","@id":"https:\/\/megadronebrasil.com.br\/home\/#website","url":"https:\/\/megadronebrasil.com.br\/home\/","name":"Megadrone Brasil","description":"Drones XAG para agricultura de precis\u00e3o","potentialAction":[{"@type":"SearchAction","target":{"@type":"EntryPoint","urlTemplate":"https:\/\/megadronebrasil.com.br\/home\/?s={search_term_string}"},"query-input":{"@type":"PropertyValueSpecification","valueRequired":true,"valueName":"search_term_string"}}],"inLanguage":"pt-BR"}]}},"_links":{"self":[{"href":"https:\/\/megadronebrasil.com.br\/home\/wp-json\/wp\/v2\/pages\/1258","targetHints":{"allow":["GET"]}}],"collection":[{"href":"https:\/\/megadronebrasil.com.br\/home\/wp-json\/wp\/v2\/pages"}],"about":[{"href":"https:\/\/megadronebrasil.com.br\/home\/wp-json\/wp\/v2\/types\/page"}],"author":[{"embeddable":true,"href":"https:\/\/megadronebrasil.com.br\/home\/wp-json\/wp\/v2\/users\/1"}],"replies":[{"embeddable":true,"href":"https:\/\/megadronebrasil.com.br\/home\/wp-json\/wp\/v2\/comments?post=1258"}],"version-history":[{"count":11,"href":"https:\/\/megadronebrasil.com.br\/home\/wp-json\/wp\/v2\/pages\/1258\/revisions"}],"predecessor-version":[{"id":2255,"href":"https:\/\/megadronebrasil.com.br\/home\/wp-json\/wp\/v2\/pages\/1258\/revisions\/2255"}],"wp:attachment":[{"href":"https:\/\/megadronebrasil.com.br\/home\/wp-json\/wp\/v2\/media?parent=1258"}],"curies":[{"name":"wp","href":"https:\/\/api.w.org\/{rel}","templated":true}]}}